f 761761 and 171171?
1001
What is the greatest common divisor of 13 and 1343899908?
13
What is the greatest common factor of 255 and 3796491?
51
Calculate the greatest common divisor of 174250 and 10004500.
4250
Calculate the greatest common factor of 1186856 and 2464.
88
Calculate the greatest common divisor of 14658322 and 4172.
2086
Calculate the highest common divisor of 896908 and 92.
92
What is the greatest common factor of 1024882 and 1410?
94
Calculate the highest common divisor of 2825 and 315660415.
565
Calculate the highest common divisor of 87087 and 65178399.
12441
What is the greatest common divisor of 76969 and 133?
19
What is the greatest common factor of 80251890 and 4440?
1110
Calculate the greatest common divisor of 36869 and 82296875.
5267
What is the highest common factor of 1410 and 2992215990?
1410
Calculate the highest common divisor of 195 and 24394617.
39
Calculate the greatest common divisor of 206 and 26442263.
103
What is the greatest common divisor of 2601558 and 15741?
1431
What is the greatest common divisor of 23268738 and 44723?
6389
What is the highest common factor of 13667 and 2364865?
79
What is the highest common divisor of 233757706 and 182?
182
Calculate the highest common factor of 4356 and 21724452.
36
Calculate the highest common factor of 5635603 and 3492.
97
Calculate the highest common divisor of 12 and 295862244.
12
What is the highest common divisor of 563775 and 925?
25
Calculate the greatest common factor of 968 and 58743080.
968
What is the highest common divisor of 2363 and 9384?
17
What is the highest common divisor of 375 and 6563175?
75
Calculate the greatest common factor of 4259849 and 88.
11
Calculate the greatest common divisor of 168106868 and 554.
554
What is the highest common divisor of 683152426 and 3938?
3938
Calculate the greatest common factor of 6246560 and 96.
32
Calculate the greatest common factor of 3990970 and 30.
10
What is the greatest common divisor of 134991 and 120999?
159
What is the highest common factor of 837 and 12281921?
31
What is the highest common divisor of 6842494 and 7678?
698
Calculate the greatest common factor of 1236 and 97163814.
618
Calculate the greatest common divisor of 8350718 and 124.
62
What is the greatest common factor of 2663531 and 52?
13
Calculate the highest common divisor of 531683 and 535.
107
What is the greatest common factor of 37413803 and 257?
257
What is the greatest common factor of 840 and 116305?
35
Calculate the greatest common factor of 29115630 and 90.
90
Calculate the highest common divisor of 5 and 140546.
1
Calculate the greatest common divisor of 3813 and 43914.
3
What is the highest common factor of 2591820 and 3220?
140
Calculate the greatest common factor of 6460 and 1200370.
170
What is the greatest common divisor of 9332296 and 4690?
134
Calculate the highest common factor of 1950880 and 1503712.
4384
Calculate the greatest common factor of 48028728 and 2200.
88
What is the greatest common divisor of 42120590 and 90?
10
What is the highest common divisor of 78 and 21774350?
26
What is the highest common factor of 1419 and 183317772?
1419
Calculate the greatest common divisor of 46172 and 23561300.
2716
Calculate the highest common divisor of 727056 and 48.
48
Calculate the greatest common divisor of 93024 and 7668096.
1824
What is the greatest common divisor of 32201 and 3029?
13
Calculate the highest common divisor of 7414 and 1254902.
22
Calculate the highest common factor of 2104 and 83847293.
263
Calculate the highest common factor of 3577659 and 159.
159
Calculate the highest common divisor of 860812 and 12104.
68
What is the highest common factor of 193488 and 420?
12
What is the highest common divisor of 361 and 482740391?
361
Calculate the highest common factor of 4624908 and 1204.
172
What is the greatest common divisor of 39141281 and 41661?
1543
Calculate the greatest common divisor of 2636 and 6646015.
659
Calculate the highest common factor of 9047908 and 1364.
124
Calculate the greatest common divisor of 68365 and 20227.
113
What is the greatest common factor of 109351112 and 812?
116
What is the highest common divisor of 2216580 and 2280?
60
Calculate the greatest common divisor of 913409390 and 10.
10
What is the highest common divisor of 733782890 and 20?
10
Calculate the greatest common divisor of 153 and 5728881.
51
What is the highest common factor of 8371460 and 22855?
3265
What is the greatest common factor of 9296 and 546916216?
4648
Calculate the greatest common factor of 9248 and 37515872.
544
What is the highest common divisor of 47959043 and 44?
11
Calculate the greatest common factor of 21410 and 1137790.
10
Calculate the highest common factor of 3065 and 731217050.
3065
What is the highest common factor of 63666 and 49209102?
2358
What is the highest common factor of 50 and 89484915?
5
Calculate the highest common factor of 8844530 and 125.
5
Calculate the highest common factor of 75151 and 3568.
223
Calculate the greatest common factor of 990420 and 51068.
68
Calculate the greatest common factor of 172033 and 16459439.
2423
Calculate the greatest common divisor of 8351119 and 245.
49
What is the greatest common factor of 364 and 24130925?
91
What is the greatest common factor of 862661 and 161?
23
Calculate the greatest common factor of 225518020 and 980.
140
Calculate the greatest common factor of 79390 and 6205.
85
What is the highest common factor of 48626458 and 4169?
379
Calculate the greatest common divisor of 6494 and 25738.
34
What is the greatest common divisor of 103385 and 182091?
667
Calculate the greatest common divisor of 36649 and 107759.
547
Calculate the highest common factor of 13209 and 3983457.
1887
What is the greatest common factor of 6696 and 15919740?
3348
What is the highest common divisor of 14193764 and 161356?
5564
What is the greatest common divisor of 14 and 162123353?
7
Calculate the highest common factor of 128792 and 1337164.
3788
What is the greatest common divisor of 62674087 and 539?
49
What is the greatest common factor of 45662475 and 1030?
515
What is the greatest common divisor of 856932 and 864?
12
What is the highest common factor of 57717390 and 1068?
534
Calculate the greatest common factor of 1401925 and 10150.
175
Calculate the greatest common factor of 68 and 20378.
2
What is the greatest common divisor of 34496 and 1934912?
3136
What is the highest common divisor of 7828755 and 12342?
561
Calculate the highest common divisor of 26475363 and 894.
447
What is the greatest common factor of 208 and 4780560?
16
What is the greatest common factor of 135101052 and 972?
36
What is the greatest common divisor of 2463565 and 124245?
1255
What is the highest common divisor of 13 and 169130559?
13
Calculate the highest common factor of 41289864 and 3696.
1848
What is the greatest common factor of 274662 and 144036?
18
Calculate the greatest common factor of 475 and 38723350.
25
Calculate the greatest common divisor of 172104 and 62409.
213
Calculate the highest common factor of 1049724 and 253188.
468
Calculate the greatest common divisor of 366978 and 3720.
186
What is the greatest common divisor of 36056251 and 4466?
2233
Calculate the greatest common divisor of 2284 and 796604.
4
What is the greatest common divisor of 266 and 26424383?
19
What is the greatest common divisor of 162357 and 6486?
69
Calculate the highest common factor of 362705 and 435805.
215
Calculate the greatest common divisor of 3478 and 35090.
2
Calculate the greatest common divisor of 1047395 and 375.
5
What is the greatest common factor of 616551691 and 5529?
1843
What is the highest common divisor of 364 and 237894468?
28
Calculate the greatest common factor of 663 and 6912.
3
Calculate the highest common factor of 128 and 984918.
2
Calculate the greatest common factor of 10405581 and 70563.
1641
Calculate the highest common divisor of 13 and 4451633303.
13
Calculate the highest common divisor of 9551012 and 16.
4
What is the highest common factor of 1963 and 5616294?
151
What is the highest common factor of 26327084 and 323?
323
What is the highest common divisor of 981 and 118698057?
981
Calculate the highest common factor of 30 and 6538190.
10
What is the highest co